{"id":86,"date":"2023-08-16T10:31:13","date_gmt":"2023-08-16T10:31:13","guid":{"rendered":"http:\/\/www.teatterilimusiini.fi\/?page_id=86"},"modified":"2026-02-10T19:51:34","modified_gmt":"2026-02-10T19:51:34","slug":"tietoa-meista-2","status":"publish","type":"page","link":"http:\/\/www.teatterilimusiini.fi\/index.php\/tietoa-meista-2\/","title":{"rendered":"Tietoa meist\u00e4"},"content":{"rendered":"\n<p><strong><mark style=\"background-color:rgba(0, 0, 0, 0)\" class=\"has-inline-color has-black-color\">Teatteri Limusiini on kev\u00e4\u00e4ll\u00e4 2023 perustettu espoolainen teatteri.<\/mark><\/strong> Teatterin rinnalla toimii <em>Teatteri Limusiinin kannatusyhdistys ry<\/em><\/p>\n\n\n\n<p>Olemme voittoa tavoittelematon harrastajateatteri. Tavoitteenamme on tarjota matalan kynnyksen teatteriharrastus nuorille, lis\u00e4t\u00e4 kulttuurin saavutettavuutta ja vaikuttaa yhteiskunnallisiin teemoihin taiteen keinoin.<\/p>\n\n\n\n<div style=\"height:44px\" aria-hidden=\"true\" class=\"wp-block-spacer\"><\/div>\n\n\n\n<h2 class=\"wp-block-heading\">Hallituskausi 2025-2026<\/h2>\n\n\n\n<div style=\"height:20px\" aria-hidden=\"true\" class=\"wp-block-spacer\"><\/div>\n\n\n\n<p><strong>Teatteri Limusiinin kannatusyhdistys ry:n vuosikokouksessa maanantaina 11.8. j\u00e4senet kokoontuivat hallituksen johdolla aloittamaan uuden teatterikauden.<\/strong><\/p>\n\n\n\n<p><strong>Kauden 2025-2026 tavoitteina Teatteri Limusiinilla on:<\/strong><\/p>\n\n\n\n<ol class=\"wp-block-list\">\n<li>Saada uusia ihmisi\u00e4 mukaan toimintaamme, aktivoida j\u00e4seni\u00e4mme ja lis\u00e4t\u00e4 yhteis\u00f6llisyytt\u00e4 ja ty\u00f6hyvinvointia.<\/li>\n\n\n\n<li>Kehitt\u00e4\u00e4 Teatteri Limusiinia turvallisena ja saavutettavana tilana ja viesti\u00e4 avoimemmin arvoistamme ja toimintaperiaatteistamme.<\/li>\n\n\n\n<li>Kehitt\u00e4\u00e4 toimipistett\u00e4.<\/li>\n<\/ol>\n\n\n\n<p><strong>Lis\u00e4ksi teatterimme p\u00e4\u00e4tavoitteet pysyv\u00e4t yleisen\u00e4 suuntaviivana toiminnallemme<\/strong>:<\/p>\n\n\n\n<ol class=\"wp-block-list\">\n<li>Osallistaa lapsia ja nuoria toiminnassamme matalalla kynnyksell\u00e4 ja luoda alustoja ja puitteita nuorten tekem\u00e4lle taiteelle.<\/li>\n\n\n\n<li>Tukea taiteen yhdenvertaistumista lis\u00e4\u00e4m\u00e4ll\u00e4 erityisesti nuorille suunnatun kulttuurin saavutettavuutta huomioiden eri yhteiskuntaluokat.<\/li>\n\n\n\n<li>Edist\u00e4\u00e4 globaalia oikeudenmukaisuutta k\u00e4sittelem\u00e4ll\u00e4 yhteiskunnallisia sek\u00e4 ihmisyyteen liittyvi\u00e4 teemoja musiikkiteatterin ja muun taiteen kautta.<\/li>\n<\/ol>\n\n\n\n<p><strong>Jos haluat tukea n\u00e4it\u00e4 tavoitteita liity <a href=\"https:\/\/www.teatterilimusiini.fi\/index.php\/kannatusjaseneksi\/\" data-type=\"page\" data-id=\"100\">kannatusj\u00e4seneksemme!<\/a><\/strong><\/p>\n\n\n\n<div style=\"height:27px\" aria-hidden=\"true\" class=\"wp-block-spacer\"><\/div>\n\n\n\n<h2 class=\"wp-block-heading\">Kauden 2025-2026 hallituksen j\u00e4senet ja heid\u00e4n vastuualueensa<\/h2>\n\n\n\n<div style=\"height:26px\" aria-hidden=\"true\" class=\"wp-block-spacer\"><\/div>\n\n\n\n<div class=\"wp-block-columns is-layout-flex wp-container-core-columns-is-layout-9d6595d7 wp-block-columns-is-layout-flex\">\n<div class=\"wp-block-column is-layout-flow wp-block-column-is-layout-flow\">\n<figure class=\"wp-block-image size-large is-resized\"><img loading=\"lazy\" decoding=\"async\" width=\"819\" height=\"1024\" src=\"https:\/\/www.teatterilimusiini.fi\/wp-content\/uploads\/2025\/08\/Metsakuvia-hallituksesta-1-819x1024.jpg\" alt=\"\" class=\"wp-image-530\" style=\"width:239px;height:auto\" srcset=\"http:\/\/www.teatterilimusiini.fi\/wp-content\/uploads\/2025\/08\/Metsakuvia-hallituksesta-1-819x1024.jpg 819w, http:\/\/www.teatterilimusiini.fi\/wp-content\/uploads\/2025\/08\/Metsakuvia-hallituksesta-1-240x300.jpg 240w, http:\/\/www.teatterilimusiini.fi\/wp-content\/uploads\/2025\/08\/Metsakuvia-hallituksesta-1-768x960.jpg 768w, http:\/\/www.teatterilimusiini.fi\/wp-content\/uploads\/2025\/08\/Metsakuvia-hallituksesta-1-1229x1536.jpg 1229w, http:\/\/www.teatterilimusiini.fi\/wp-content\/uploads\/2025\/08\/Metsakuvia-hallituksesta-1-1638x2048.jpg 1638w, http:\/\/www.teatterilimusiini.fi\/wp-content\/uploads\/2025\/08\/Metsakuvia-hallituksesta-1-scaled.jpg 2048w\" sizes=\"auto, (max-width: 819px) 100vw, 819px\" \/><\/figure>\n\n\n\n<p class=\"has-text-align-center\"><strong>Aino Saukkokoski &#8211; puheenjohtaja<\/strong><\/p>\n\n\n\n<p>Moi, m\u00e4 olen Aino Saukkokoski. Aloitin teatteriharrastuksen vuonna 2012, ja nyt opiskelen teatteritiedett\u00e4 Helsingin yliopistossa ja teen ohella t\u00f6it\u00e4. Vapaa-ajallani, ja usein my\u00f6s teatteria varten, s\u00e4vell\u00e4n, sanoitan ja laulan. Olen nyt hetken painottanut ohjaajan teht\u00e4vi\u00e4, mutta t\u00e4ll\u00e4 kaudella olen my\u00f6s n\u00e4ytt\u00e4m\u00f6ll\u00e4 ja vastaavana tuottajana Kaksi yksin\u00e4isyytt\u00e4 -musikaalissa. Mulle on t\u00e4rke\u00e4\u00e4 globaalin oikeudenmukaisuuden edist\u00e4minen taiteen kautta, ja kulttuurin saavutettavuuden lis\u00e4\u00e4minen. Siit\u00e4 syyst\u00e4 olin mukana perustamassa teatteriamme ja aloitan uuden kauden Teatteri Limusiinin puheenjohtajana.<\/p>\n<\/div>\n\n\n\n<div class=\"wp-block-column is-layout-flow wp-block-column-is-layout-flow\">\n<figure class=\"wp-block-image size-large is-resized\"><img loading=\"lazy\" decoding=\"async\" width=\"819\" height=\"1024\" src=\"https:\/\/www.teatterilimusiini.fi\/wp-content\/uploads\/2025\/08\/Metsakuvia-hallituksesta-5-819x1024.jpg\" alt=\"\" class=\"wp-image-531\" style=\"width:242px;height:auto\" srcset=\"http:\/\/www.teatterilimusiini.fi\/wp-content\/uploads\/2025\/08\/Metsakuvia-hallituksesta-5-819x1024.jpg 819w, http:\/\/www.teatterilimusiini.fi\/wp-content\/uploads\/2025\/08\/Metsakuvia-hallituksesta-5-240x300.jpg 240w, http:\/\/www.teatterilimusiini.fi\/wp-content\/uploads\/2025\/08\/Metsakuvia-hallituksesta-5-768x960.jpg 768w, http:\/\/www.teatterilimusiini.fi\/wp-content\/uploads\/2025\/08\/Metsakuvia-hallituksesta-5-1229x1536.jpg 1229w, http:\/\/www.teatterilimusiini.fi\/wp-content\/uploads\/2025\/08\/Metsakuvia-hallituksesta-5-1638x2048.jpg 1638w, http:\/\/www.teatterilimusiini.fi\/wp-content\/uploads\/2025\/08\/Metsakuvia-hallituksesta-5-scaled.jpg 2048w\" sizes=\"auto, (max-width: 819px) 100vw, 819px\" \/><\/figure>\n\n\n\n<p class=\"has-text-align-center\"><strong>Fiona Lerto &#8211; varapuheenjohtaja<\/strong><\/p>\n\n\n\n<p>Heips, olen Fiona Lerto, Teatteri Limusiinin varapuheenjohtaja. Vastaan meid\u00e4n ihanista j\u00e4senist\u00e4, markkinoinnista ja kirjanpidosta. Tulevissa produktioissame toimin n\u00e4yttelij\u00e4n\u00e4, tuottajana, lavastajana ja graafikkona. Aloitan kulttuurituotannon opinnot t\u00e4n\u00e4 syksyn\u00e4 Arcadan ammattikorkeakoulussa. Vapaa-ajallani puuhastelen sein\u00e4kiipeilyn, laulun, tanssin ja liikkeen parissa. Minulla on vahvat arvot, olen el\u00e4inrakas ja pyrin seuraamaan syd\u00e4nt\u00e4ni.&nbsp;<\/p>\n<\/div>\n<\/div>\n\n\n\n<div class=\"wp-block-columns is-layout-flex wp-container-core-columns-is-layout-9d6595d7 wp-block-columns-is-layout-flex\">\n<div class=\"wp-block-column is-layout-flow wp-block-column-is-layout-flow\">\n<figure class=\"wp-block-image size-large is-resized\"><img loading=\"lazy\" decoding=\"async\" width=\"819\" height=\"1024\" src=\"https:\/\/www.teatterilimusiini.fi\/wp-content\/uploads\/2025\/08\/Metsakuvia-hallituksesta-2-1-819x1024.jpg\" alt=\"\" class=\"wp-image-529\" style=\"width:243px;height:auto\" srcset=\"http:\/\/www.teatterilimusiini.fi\/wp-content\/uploads\/2025\/08\/Metsakuvia-hallituksesta-2-1-819x1024.jpg 819w, http:\/\/www.teatterilimusiini.fi\/wp-content\/uploads\/2025\/08\/Metsakuvia-hallituksesta-2-1-240x300.jpg 240w, http:\/\/www.teatterilimusiini.fi\/wp-content\/uploads\/2025\/08\/Metsakuvia-hallituksesta-2-1-768x960.jpg 768w, http:\/\/www.teatterilimusiini.fi\/wp-content\/uploads\/2025\/08\/Metsakuvia-hallituksesta-2-1-1229x1536.jpg 1229w, http:\/\/www.teatterilimusiini.fi\/wp-content\/uploads\/2025\/08\/Metsakuvia-hallituksesta-2-1-1638x2048.jpg 1638w, http:\/\/www.teatterilimusiini.fi\/wp-content\/uploads\/2025\/08\/Metsakuvia-hallituksesta-2-1-scaled.jpg 2048w\" sizes=\"auto, (max-width: 819px) 100vw, 819px\" \/><\/figure>\n\n\n\n<p class=\"has-text-align-center\"><strong>Linnea Sinimets\u00e4 &#8211; sihteeri<\/strong><\/p>\n\n\n\n<p>Moi, olen Linnea Sinimets\u00e4. Olen harrastanut tanssia koko el\u00e4m\u00e4ni ajan ja ty\u00f6st\u00e4n t\u00e4ll\u00e4 hetkell\u00e4 nykytanssin syvent\u00e4vien opintojen lopputy\u00f6t\u00e4 Helsingin tanssiopistolla. L\u00e4hivuosina olen teatterin kautta p\u00e4\u00e4ssyt hy\u00f6dynt\u00e4m\u00e4\u00e4n tanssikokemustani esiintyj\u00e4n\u00e4 ja koreografina, sek\u00e4 laajentamaan esitt\u00e4v\u00e4n taiteen osaamistani n\u00e4yttelemiseen ja lauluun. Teatteri Limusiinista on tullut minulle turvapaikka, jossa uskallan heitt\u00e4yty\u00e4 ja ilmaista avoimesti itse\u00e4ni. Tulevalla kaudella jatkan sihteerin teht\u00e4viss\u00e4 ja lis\u00e4ksi toimin Kaksi yksin\u00e4isyytt\u00e4 -musikaalin koreografina.<\/p>\n\n\n\n<div style=\"height:36px\" aria-hidden=\"true\" class=\"wp-block-spacer\"><\/div>\n\n\n\n<p class=\"has-text-align-center\"><strong>Ilo Turkki &#8211; varaj\u00e4sen<\/strong><\/p>\n\n\n\n<div style=\"height:27px\" aria-hidden=\"true\" class=\"wp-block-spacer\"><\/div>\n<\/div>\n\n\n\n<div class=\"wp-block-column is-layout-flow wp-block-column-is-layout-flow\">\n<div style=\"height:321px\" aria-hidden=\"true\" class=\"wp-block-spacer\"><\/div>\n\n\n\n<p class=\"has-text-align-center\"><strong>Lahja Tuokko &#8211; rahastonhoitaja<\/strong><\/p>\n\n\n\n<p>Moikka, olen Lahja, teatterimme hallituksen rahastonhoitaja. M\u00e4 oon se tyyppi, joka huolehtii ty\u00f6hyvinvoinnista, perehdytt\u00e4misest\u00e4, arkistoinnista ja toiminnan kehitt\u00e4misest\u00e4. Nettisivut ovat my\u00f6s mun k\u00e4sialaa.<\/p>\n\n\n\n<p>Proggiksissamme olen tehnyt vuosien varrella v\u00e4h\u00e4n kaikenlaista. Tuottamisen lis\u00e4ksi olen n\u00e4ytellyt, k\u00e4sikirjoittanut, ohjannut sek\u00e4 toiminut valo- ja \u00e4\u00e4niteknikkona. T\u00e4ll\u00e4 hetkell\u00e4 inspiroidun eniten k\u00e4sikirjoittamisesta.<\/p>\n\n\n\n<p><\/p>\n<\/div>\n<\/div>\n\n\n\n<p>Kuvat: Jenny Hilo ja Fiona Lerto<\/p>\n","protected":false},"excerpt":{"rendered":"<p>Teatteri Limusiini on kev\u00e4\u00e4ll\u00e4 2023 perustettu espoolainen teatteri. Teatterin rinnalla toimii Teatteri Limusiinin kannatusyhdistys ry Olemme voittoa tavoittelematon harrastajateatteri. Tavoitteenamme on tarjota matalan kynnyksen teatteriharrastus nuorille, lis\u00e4t\u00e4 kulttuurin saavutettavuutta ja vaikuttaa yhteiskunnallisiin teemoihin taiteen keinoin. Hallituskausi 2025-2026 Teatteri Limusiinin kannatusyhdistys ry:n vuosikokouksessa maanantaina 11.8. j\u00e4senet kokoontuivat hallituksen johdolla aloittamaan uuden teatterikauden. Kauden 2025-2026 tavoitteina Teatteri [&hellip;]<\/p>\n","protected":false},"author":1,"featured_media":0,"parent":0,"menu_order":0,"comment_status":"closed","ping_status":"closed","template":"","meta":{"footnotes":""},"class_list":["post-86","page","type-page","status-publish","hentry","entry"],"_links":{"self":[{"href":"http:\/\/www.teatterilimusiini.fi\/index.php\/wp-json\/wp\/v2\/pages\/86","targetHints":{"allow":["GET"]}}],"collection":[{"href":"http:\/\/www.teatterilimusiini.fi\/index.php\/wp-json\/wp\/v2\/pages"}],"about":[{"href":"http:\/\/www.teatterilimusiini.fi\/index.php\/wp-json\/wp\/v2\/types\/page"}],"author":[{"embeddable":true,"href":"http:\/\/www.teatterilimusiini.fi\/index.php\/wp-json\/wp\/v2\/users\/1"}],"replies":[{"embeddable":true,"href":"http:\/\/www.teatterilimusiini.fi\/index.php\/wp-json\/wp\/v2\/comments?post=86"}],"version-history":[{"count":8,"href":"http:\/\/www.teatterilimusiini.fi\/index.php\/wp-json\/wp\/v2\/pages\/86\/revisions"}],"predecessor-version":[{"id":626,"href":"http:\/\/www.teatterilimusiini.fi\/index.php\/wp-json\/wp\/v2\/pages\/86\/revisions\/626"}],"wp:attachment":[{"href":"http:\/\/www.teatterilimusiini.fi\/index.php\/wp-json\/wp\/v2\/media?parent=86"}],"curies":[{"name":"wp","href":"https:\/\/api.w.org\/{rel}","templated":true}]}}

Tietoa meistä

<p><strong><mark style="background-color:rgba(0, 0, 0, 0)" class="has-inline-color has-black-color">Teatteri Limusiini on keväällä 2023 perustettu espoolainen teatteri.</mark></strong> Teatterin rinnalla toimii <em>Teatteri Limusiinin kannatusyhdistys ry</em></p>



<p>Olemme voittoa tavoittelematon harrastajateatteri. Tavoitteenamme on tarjota matalan kynnyksen teatteriharrastus nuorille, lisätä kulttuurin saavutettavuutta ja vaikuttaa yhteiskunnallisiin teemoihin taiteen keinoin.</p>



<div style="height:44px" aria-hidden="true" class="wp-block-spacer"></div>



<h2 class="wp-block-heading">Hallituskausi 2025-2026</h2>



<div style="height:20px" aria-hidden="true" class="wp-block-spacer"></div>



<p><strong>Teatteri Limusiinin kannatusyhdistys ry:n vuosikokouksessa maanantaina 11.8. jäsenet kokoontuivat hallituksen johdolla aloittamaan uuden teatterikauden.</strong></p>



<p><strong>Kauden 2025-2026 tavoitteina Teatteri Limusiinilla on:</strong></p>



<ol class="wp-block-list">
<li>Saada uusia ihmisiä mukaan toimintaamme, aktivoida jäseniämme ja lisätä yhteisöllisyyttä ja työhyvinvointia.</li>



<li>Kehittää Teatteri Limusiinia turvallisena ja saavutettavana tilana ja viestiä avoimemmin arvoistamme ja toimintaperiaatteistamme.</li>



<li>Kehittää toimipistettä.</li>
</ol>



<p><strong>Lisäksi teatterimme päätavoitteet pysyvät yleisenä suuntaviivana toiminnallemme</strong>:</p>



<ol class="wp-block-list">
<li>Osallistaa lapsia ja nuoria toiminnassamme matalalla kynnyksellä ja luoda alustoja ja puitteita nuorten tekemälle taiteelle.</li>



<li>Tukea taiteen yhdenvertaistumista lisäämällä erityisesti nuorille suunnatun kulttuurin saavutettavuutta huomioiden eri yhteiskuntaluokat.</li>



<li>Edistää globaalia oikeudenmukaisuutta käsittelemällä yhteiskunnallisia sekä ihmisyyteen liittyviä teemoja musiikkiteatterin ja muun taiteen kautta.</li>
</ol>



<p><strong>Jos haluat tukea näitä tavoitteita liity <a href="https://www.teatterilimusiini.fi/index.php/kannatusjaseneksi/" data-type="page" data-id="100">kannatusjäseneksemme!</a></strong></p>



<div style="height:27px" aria-hidden="true" class="wp-block-spacer"></div>



<h2 class="wp-block-heading">Kauden 2025-2026 hallituksen jäsenet ja heidän vastuualueensa</h2>



<div style="height:26px" aria-hidden="true" class="wp-block-spacer"></div>



<div class="wp-block-columns is-layout-flex wp-container-core-columns-is-layout-9d6595d7 wp-block-columns-is-layout-flex">
<div class="wp-block-column is-layout-flow wp-block-column-is-layout-flow">
<figure class="wp-block-image size-large is-resized"><img loading="lazy" decoding="async" width="819" height="1024" src="https://www.teatterilimusiini.fi/wp-content/uploads/2025/08/Metsakuvia-hallituksesta-1-819x1024.jpg" alt="" class="wp-image-530" style="width:239px;height:auto" srcset="http://www.teatterilimusiini.fi/wp-content/uploads/2025/08/Metsakuvia-hallituksesta-1-819x1024.jpg 819w, http://www.teatterilimusiini.fi/wp-content/uploads/2025/08/Metsakuvia-hallituksesta-1-240x300.jpg 240w, http://www.teatterilimusiini.fi/wp-content/uploads/2025/08/Metsakuvia-hallituksesta-1-768x960.jpg 768w, http://www.teatterilimusiini.fi/wp-content/uploads/2025/08/Metsakuvia-hallituksesta-1-1229x1536.jpg 1229w, http://www.teatterilimusiini.fi/wp-content/uploads/2025/08/Metsakuvia-hallituksesta-1-1638x2048.jpg 1638w, http://www.teatterilimusiini.fi/wp-content/uploads/2025/08/Metsakuvia-hallituksesta-1-scaled.jpg 2048w" sizes="auto, (max-width: 819px) 100vw, 819px" /></figure>



<p class="has-text-align-center"><strong>Aino Saukkokoski &#8211; puheenjohtaja</strong></p>



<p>Moi, mä olen Aino Saukkokoski. Aloitin teatteriharrastuksen vuonna 2012, ja nyt opiskelen teatteritiedettä Helsingin yliopistossa ja teen ohella töitä. Vapaa-ajallani, ja usein myös teatteria varten, sävellän, sanoitan ja laulan. Olen nyt hetken painottanut ohjaajan tehtäviä, mutta tällä kaudella olen myös näyttämöllä ja vastaavana tuottajana Kaksi yksinäisyyttä -musikaalissa. Mulle on tärkeää globaalin oikeudenmukaisuuden edistäminen taiteen kautta, ja kulttuurin saavutettavuuden lisääminen. Siitä syystä olin mukana perustamassa teatteriamme ja aloitan uuden kauden Teatteri Limusiinin puheenjohtajana.</p>
</div>



<div class="wp-block-column is-layout-flow wp-block-column-is-layout-flow">
<figure class="wp-block-image size-large is-resized"><img loading="lazy" decoding="async" width="819" height="1024" src="https://www.teatterilimusiini.fi/wp-content/uploads/2025/08/Metsakuvia-hallituksesta-5-819x1024.jpg" alt="" class="wp-image-531" style="width:242px;height:auto" srcset="http://www.teatterilimusiini.fi/wp-content/uploads/2025/08/Metsakuvia-hallituksesta-5-819x1024.jpg 819w, http://www.teatterilimusiini.fi/wp-content/uploads/2025/08/Metsakuvia-hallituksesta-5-240x300.jpg 240w, http://www.teatterilimusiini.fi/wp-content/uploads/2025/08/Metsakuvia-hallituksesta-5-768x960.jpg 768w, http://www.teatterilimusiini.fi/wp-content/uploads/2025/08/Metsakuvia-hallituksesta-5-1229x1536.jpg 1229w, http://www.teatterilimusiini.fi/wp-content/uploads/2025/08/Metsakuvia-hallituksesta-5-1638x2048.jpg 1638w, http://www.teatterilimusiini.fi/wp-content/uploads/2025/08/Metsakuvia-hallituksesta-5-scaled.jpg 2048w" sizes="auto, (max-width: 819px) 100vw, 819px" /></figure>



<p class="has-text-align-center"><strong>Fiona Lerto &#8211; varapuheenjohtaja</strong></p>



<p>Heips, olen Fiona Lerto, Teatteri Limusiinin varapuheenjohtaja. Vastaan meidän ihanista jäsenistä, markkinoinnista ja kirjanpidosta. Tulevissa produktioissame toimin näyttelijänä, tuottajana, lavastajana ja graafikkona. Aloitan kulttuurituotannon opinnot tänä syksynä Arcadan ammattikorkeakoulussa. Vapaa-ajallani puuhastelen seinäkiipeilyn, laulun, tanssin ja liikkeen parissa. Minulla on vahvat arvot, olen eläinrakas ja pyrin seuraamaan sydäntäni.&nbsp;</p>
</div>
</div>



<div class="wp-block-columns is-layout-flex wp-container-core-columns-is-layout-9d6595d7 wp-block-columns-is-layout-flex">
<div class="wp-block-column is-layout-flow wp-block-column-is-layout-flow">
<figure class="wp-block-image size-large is-resized"><img loading="lazy" decoding="async" width="819" height="1024" src="https://www.teatterilimusiini.fi/wp-content/uploads/2025/08/Metsakuvia-hallituksesta-2-1-819x1024.jpg" alt="" class="wp-image-529" style="width:243px;height:auto" srcset="http://www.teatterilimusiini.fi/wp-content/uploads/2025/08/Metsakuvia-hallituksesta-2-1-819x1024.jpg 819w, http://www.teatterilimusiini.fi/wp-content/uploads/2025/08/Metsakuvia-hallituksesta-2-1-240x300.jpg 240w, http://www.teatterilimusiini.fi/wp-content/uploads/2025/08/Metsakuvia-hallituksesta-2-1-768x960.jpg 768w, http://www.teatterilimusiini.fi/wp-content/uploads/2025/08/Metsakuvia-hallituksesta-2-1-1229x1536.jpg 1229w, http://www.teatterilimusiini.fi/wp-content/uploads/2025/08/Metsakuvia-hallituksesta-2-1-1638x2048.jpg 1638w, http://www.teatterilimusiini.fi/wp-content/uploads/2025/08/Metsakuvia-hallituksesta-2-1-scaled.jpg 2048w" sizes="auto, (max-width: 819px) 100vw, 819px" /></figure>



<p class="has-text-align-center"><strong>Linnea Sinimetsä &#8211; sihteeri</strong></p>



<p>Moi, olen Linnea Sinimetsä. Olen harrastanut tanssia koko elämäni ajan ja työstän tällä hetkellä nykytanssin syventävien opintojen lopputyötä Helsingin tanssiopistolla. Lähivuosina olen teatterin kautta päässyt hyödyntämään tanssikokemustani esiintyjänä ja koreografina, sekä laajentamaan esittävän taiteen osaamistani näyttelemiseen ja lauluun. Teatteri Limusiinista on tullut minulle turvapaikka, jossa uskallan heittäytyä ja ilmaista avoimesti itseäni. Tulevalla kaudella jatkan sihteerin tehtävissä ja lisäksi toimin Kaksi yksinäisyyttä -musikaalin koreografina.</p>



<div style="height:36px" aria-hidden="true" class="wp-block-spacer"></div>



<p class="has-text-align-center"><strong>Ilo Turkki &#8211; varajäsen</strong></p>



<div style="height:27px" aria-hidden="true" class="wp-block-spacer"></div>
</div>



<div class="wp-block-column is-layout-flow wp-block-column-is-layout-flow">
<div style="height:321px" aria-hidden="true" class="wp-block-spacer"></div>



<p class="has-text-align-center"><strong>Lahja Tuokko &#8211; rahastonhoitaja</strong></p>



<p>Moikka, olen Lahja, teatterimme hallituksen rahastonhoitaja. Mä oon se tyyppi, joka huolehtii työhyvinvoinnista, perehdyttämisestä, arkistoinnista ja toiminnan kehittämisestä. Nettisivut ovat myös mun käsialaa.</p>



<p>Proggiksissamme olen tehnyt vuosien varrella vähän kaikenlaista. Tuottamisen lisäksi olen näytellyt, käsikirjoittanut, ohjannut sekä toiminut valo- ja ääniteknikkona. Tällä hetkellä inspiroidun eniten käsikirjoittamisesta.</p>



<p></p>
</div>
</div>



<p>Kuvat: Jenny Hilo ja Fiona Lerto</p>

<p>Teatteri Limusiini on keväällä 2023 perustettu espoolainen teatteri. Teatterin rinnalla toimii Teatteri Limusiinin kannatusyhdistys ry Olemme voittoa tavoittelematon harrastajateatteri. Tavoitteenamme on tarjota matalan kynnyksen teatteriharrastus nuorille, lisätä kulttuurin saavutettavuutta ja vaikuttaa yhteiskunnallisiin teemoihin taiteen keinoin. Hallituskausi 2025-2026 Teatteri Limusiinin kannatusyhdistys ry:n vuosikokouksessa maanantaina 11.8. jäsenet kokoontuivat hallituksen johdolla aloittamaan uuden teatterikauden. Kauden 2025-2026 tavoitteina Teatteri [&hellip;]</p>
