{"id":66,"date":"2023-08-16T08:47:46","date_gmt":"2023-08-16T08:47:46","guid":{"rendered":"http:\/\/www.teatterilimusiini.fi\/?page_id=66"},"modified":"2026-02-10T19:50:06","modified_gmt":"2026-02-10T19:50:06","slug":"ohjelmisto-2","status":"publish","type":"page","link":"http:\/\/www.teatterilimusiini.fi\/index.php\/ohjelmisto-2\/","title":{"rendered":"Galleria"},"content":{"rendered":"\n<h2 class=\"wp-block-heading\">Teatteri Limusiinin aiempaa ohjelmistoa<\/h2>\n\n\n\n<div style=\"height:36px\" aria-hidden=\"true\" class=\"wp-block-spacer\"><\/div>\n\n\n\n<div class=\"wp-block-columns is-layout-flex wp-container-core-columns-is-layout-9d6595d7 wp-block-columns-is-layout-flex\">\n<div class=\"wp-block-column is-layout-flow wp-block-column-is-layout-flow\">\n<figure class=\"wp-block-image size-full is-resized\"><img decoding=\"async\" src=\"http:\/\/www.teatterilimusiini.fi\/wp-content\/uploads\/2026\/02\/lahjalle.png\" alt=\"\" class=\"wp-image-582\" style=\"width:227px;height:auto\"\/><\/figure>\n\n\n\n<p><strong><mark style=\"background-color:rgba(0, 0, 0, 0)\" class=\"has-inline-color has-black-color\">Kaksi yksin\u00e4isyytt\u00e4 -musikaali<\/mark><\/strong> esitet\u00e4\u00e4n huhtikuussa 2026!<\/p>\n<\/div>\n\n\n\n<div class=\"wp-block-column is-layout-flow wp-block-column-is-layout-flow\">\n<figure class=\"wp-block-image size-large is-resized\"><img loading=\"lazy\" decoding=\"async\" width=\"819\" height=\"1024\" src=\"http:\/\/www.teatterilimusiini.fi\/wp-content\/uploads\/2025\/09\/Sarvikuono-juliste-sosialinen-media-3-819x1024.png\" alt=\"\" class=\"wp-image-552\" style=\"width:240px;height:auto\" srcset=\"http:\/\/www.teatterilimusiini.fi\/wp-content\/uploads\/2025\/09\/Sarvikuono-juliste-sosialinen-media-3-819x1024.png 819w, http:\/\/www.teatterilimusiini.fi\/wp-content\/uploads\/2025\/09\/Sarvikuono-juliste-sosialinen-media-3-240x300.png 240w, http:\/\/www.teatterilimusiini.fi\/wp-content\/uploads\/2025\/09\/Sarvikuono-juliste-sosialinen-media-3-768x960.png 768w, http:\/\/www.teatterilimusiini.fi\/wp-content\/uploads\/2025\/09\/Sarvikuono-juliste-sosialinen-media-3.png 1080w\" sizes=\"auto, (max-width: 819px) 100vw, 819px\" \/><\/figure>\n\n\n\n<p>Koko perheen <strong><mark style=\"background-color:rgba(0, 0, 0, 0)\" class=\"has-inline-color has-black-color\">musiikkin\u00e4ytelm\u00e4 Sarvikuono <\/mark><\/strong>sai ensi-iltansa huhtikuussa 2025 ja toisen esityskauden saman vuoden lokakuussa. Teatteri Limusiinin tiloissa Kivenlahden pienell\u00e4 n\u00e4ytt\u00e4m\u00f6ll\u00e4 lopputulos oli intiimin intensiivinen. Toinen esityskausi pidettiin isommalla n\u00e4ytt\u00e4m\u00f6ll\u00e4 kulttuurikeskus Oranssilla.<\/p>\n\n\n\n<p>Monitasoinen esitys rakennettiin ryhm\u00e4l\u00e4ht\u00f6isell\u00e4 devising-tekniikalla, ja se sis\u00e4lt\u00e4\u00e4 muun muassa improvisoituja kohtauksia. Teos muistuttaa lapsenomaisen unelmoinnin arvosta ja rohkaisee luomaan omann\u00e4k\u00f6ist\u00e4 tulevaisuutta. Voiko tarinoiden sukupolvia yhteen tuova voima saada yhteiskunnan taipumattomat rakenteet murtumaan?<\/p>\n<\/div>\n\n\n\n<div class=\"wp-block-column is-layout-flow wp-block-column-is-layout-flow\">\n<p><\/p>\n<\/div>\n<\/div>\n\n\n\n<div class=\"wp-block-columns is-layout-flex wp-container-core-columns-is-layout-9d6595d7 wp-block-columns-is-layout-flex\">\n<div class=\"wp-block-column is-layout-flow wp-block-column-is-layout-flow\">\n<figure class=\"wp-block-image size-full is-resized\"><img loading=\"lazy\" decoding=\"async\" width=\"663\" height=\"835\" src=\"http:\/\/www.teatterilimusiini.fi\/wp-content\/uploads\/2023\/08\/Mainos-limppari-ss.png\" alt=\"\" class=\"wp-image-67\" style=\"aspect-ratio:0.7940119760479042;width:249px;height:auto\" srcset=\"http:\/\/www.teatterilimusiini.fi\/wp-content\/uploads\/2023\/08\/Mainos-limppari-ss.png 663w, http:\/\/www.teatterilimusiini.fi\/wp-content\/uploads\/2023\/08\/Mainos-limppari-ss-238x300.png 238w\" sizes=\"auto, (max-width: 663px) 100vw, 663px\" \/><\/figure>\n<\/div>\n\n\n\n<div class=\"wp-block-column is-layout-flow wp-block-column-is-layout-flow\">\n<figure class=\"wp-block-image size-large is-resized\"><img loading=\"lazy\" decoding=\"async\" width=\"724\" height=\"1024\" src=\"http:\/\/www.teatterilimusiini.fi\/wp-content\/uploads\/2024\/06\/kadulla-a4-juliste-2-724x1024.png\" alt=\"\" class=\"wp-image-305\" style=\"aspect-ratio:0.70703125;width:240px;height:auto\" srcset=\"http:\/\/www.teatterilimusiini.fi\/wp-content\/uploads\/2024\/06\/kadulla-a4-juliste-2-724x1024.png 724w, http:\/\/www.teatterilimusiini.fi\/wp-content\/uploads\/2024\/06\/kadulla-a4-juliste-2-212x300.png 212w, http:\/\/www.teatterilimusiini.fi\/wp-content\/uploads\/2024\/06\/kadulla-a4-juliste-2-768x1086.png 768w, http:\/\/www.teatterilimusiini.fi\/wp-content\/uploads\/2024\/06\/kadulla-a4-juliste-2-1086x1536.png 1086w, http:\/\/www.teatterilimusiini.fi\/wp-content\/uploads\/2024\/06\/kadulla-a4-juliste-2.png 1414w\" sizes=\"auto, (max-width: 724px) 100vw, 724px\" \/><\/figure>\n<\/div>\n\n\n\n<div class=\"wp-block-column is-layout-flow wp-block-column-is-layout-flow\">\n<figure class=\"wp-block-image size-full is-resized\"><img loading=\"lazy\" decoding=\"async\" width=\"666\" height=\"829\" src=\"http:\/\/www.teatterilimusiini.fi\/wp-content\/uploads\/2023\/08\/Limppari-syvemmalle-ss.png\" alt=\"\" class=\"wp-image-69\" style=\"aspect-ratio:0.8033775633293124;width:251px;height:auto\" srcset=\"http:\/\/www.teatterilimusiini.fi\/wp-content\/uploads\/2023\/08\/Limppari-syvemmalle-ss.png 666w, http:\/\/www.teatterilimusiini.fi\/wp-content\/uploads\/2023\/08\/Limppari-syvemmalle-ss-241x300.png 241w\" sizes=\"auto, (max-width: 666px) 100vw, 666px\" \/><\/figure>\n<\/div>\n<\/div>\n\n\n\n<div class=\"wp-block-columns is-layout-flex wp-container-core-columns-is-layout-9d6595d7 wp-block-columns-is-layout-flex\">\n<div class=\"wp-block-column is-layout-flow wp-block-column-is-layout-flow\">\n<p class=\"has-text-align-center\">Teatteri Limusiinin ensimm\u00e4inen produktio <strong><mark style=\"background-color:rgba(0, 0, 0, 0)\" class=\"has-inline-color has-black-color\"><em>Tuhkaa meress\u00e4 <\/em>-musikaali<\/mark><\/strong> sai p\u00e4\u00e4t\u00f6ksens\u00e4 5.5.2023<br><br> <em>Tuhkaa meress\u00e4<\/em> on koko perheen seikkailumusikaali, jossa koston kierre saa nuoret merenk\u00e4vij\u00e4t purjehtimaan merirosvolaivan kintereill\u00e4. Lavalla n\u00e4htiin komediaa, ripaus fantasiaa, yll\u00e4tt\u00e4vi\u00e4 k\u00e4\u00e4nteit\u00e4 \u2013 ja tietenkin rakkautta ja draamaa.<\/p>\n<\/div>\n\n\n\n<div class=\"wp-block-column is-layout-flow wp-block-column-is-layout-flow\">\n<p><mark style=\"background-color:rgba(0, 0, 0, 0)\" class=\"has-inline-color has-black-color\"><strong><em>Kadulla-n\u00e4ytelm\u00e4<\/em><\/strong> <\/mark>sai kaksi esityskautta, syksyll\u00e4 2023 Otaniemen lukion tiloissa ja kes\u00e4ll\u00e4 2024 alakulttuuritila Alimuksessa osana Pride-viikon ohjelmaa.<\/p>\n\n\n\n<p>N\u00e4ytelm\u00e4 k\u00e4sittelee seksuaalista h\u00e4irint\u00e4\u00e4, siihen liittyvi\u00e4 tabuja ja sukupuolirooleja. Tarina seuraa nuoria aikuisia, joille h\u00e4irinn\u00e4n syiden pohtiminen ja siihen suhtautuminen uudella tavalla on erityisen ajankohtaista.<\/p>\n<\/div>\n\n\n\n<div class=\"wp-block-column is-layout-flow wp-block-column-is-layout-flow\">\n<p>Kadulla-n\u00e4ytelm\u00e4n rinnalla p\u00e4\u00e4si ihastelemaan <strong><mark style=\"background-color:rgba(0, 0, 0, 0)\" class=\"has-inline-color has-black-color\">Syvemm\u00e4lle-taiden\u00e4yttely\u00e4<\/mark><\/strong>, joka koostui teemaa k\u00e4sittelevist\u00e4 nuorten sana- ja kuvataideteoksista.<\/p>\n<\/div>\n<\/div>\n\n\n\n<h2 class=\"wp-block-heading\">Muuta Teatteri Limusiinin j\u00e4rjest\u00e4m\u00e4\u00e4 ohjelmaa<\/h2>\n\n\n\n<div class=\"wp-block-columns is-layout-flex wp-container-core-columns-is-layout-9d6595d7 wp-block-columns-is-layout-flex\">\n<div class=\"wp-block-column is-layout-flow wp-block-column-is-layout-flow\">\n<figure class=\"wp-block-image size-full is-resized\"><img decoding=\"async\" src=\"http:\/\/www.teatterilimusiini.fi\/wp-content\/uploads\/2026\/02\/olkkari-juliste-1.png\" alt=\"\" class=\"wp-image-592\" style=\"width:224px;height:auto\"\/><\/figure>\n<\/div>\n\n\n\n<div class=\"wp-block-column is-layout-flow wp-block-column-is-layout-flow\">\n<figure class=\"wp-block-image size-full is-resized\"><img loading=\"lazy\" decoding=\"async\" width=\"750\" height=\"936\" src=\"http:\/\/www.teatterilimusiini.fi\/wp-content\/uploads\/2023\/12\/Maskeerauskurssin-mainos1-1.jpg\" alt=\"\" class=\"wp-image-240\" style=\"width:232px;height:auto\" srcset=\"http:\/\/www.teatterilimusiini.fi\/wp-content\/uploads\/2023\/12\/Maskeerauskurssin-mainos1-1.jpg 750w, http:\/\/www.teatterilimusiini.fi\/wp-content\/uploads\/2023\/12\/Maskeerauskurssin-mainos1-1-240x300.jpg 240w\" sizes=\"auto, (max-width: 750px) 100vw, 750px\" \/><\/figure>\n<\/div>\n\n\n\n<div class=\"wp-block-column is-layout-flow wp-block-column-is-layout-flow\"><\/div>\n<\/div>\n\n\n\n<div class=\"wp-block-columns is-layout-flex wp-container-core-columns-is-layout-9d6595d7 wp-block-columns-is-layout-flex\">\n<div class=\"wp-block-column is-layout-flow wp-block-column-is-layout-flow\">\n<p><strong><mark style=\"background-color:rgba(0, 0, 0, 0)\" class=\"has-inline-color has-black-color\">Teatteri Limusiinin Olkkari<\/mark> <\/strong>aloitti toimintansa syksyll\u00e4 2025 ja jatkaa edelleen.<\/p>\n<\/div>\n\n\n\n<div class=\"wp-block-column is-layout-flow wp-block-column-is-layout-flow\">\n<p><strong><mark style=\"background-color:rgba(0, 0, 0, 0)\" class=\"has-inline-color has-black-color\">Teatterimaskeerauksen ammattilainen piti avoimen maskeerauskurssin <\/mark><\/strong>Teatteri Limusiinissa vuoden 2024 alussa.<\/p>\n<\/div>\n\n\n\n<div class=\"wp-block-column is-layout-flow wp-block-column-is-layout-flow\"><\/div>\n<\/div>\n\n\n\n<h2 class=\"wp-block-heading\">Kuvia toiminnastamme vuosien varrelta<\/h2>\n\n\n\n<div class=\"wp-block-columns is-layout-flex wp-container-core-columns-is-layout-9d6595d7 wp-block-columns-is-layout-flex\">\n<div class=\"wp-block-column is-layout-flow wp-block-column-is-layout-flow\">\n<figure class=\"wp-block-image size-large\"><img loading=\"lazy\" decoding=\"async\" width=\"1024\" height=\"625\" src=\"http:\/\/www.teatterilimusiini.fi\/wp-content\/uploads\/2023\/08\/Limpparikuva-1024x625.jpg\" alt=\"\" class=\"wp-image-48\" srcset=\"http:\/\/www.teatterilimusiini.fi\/wp-content\/uploads\/2023\/08\/Limpparikuva-1024x625.jpg 1024w, http:\/\/www.teatterilimusiini.fi\/wp-content\/uploads\/2023\/08\/Limpparikuva-300x183.jpg 300w, http:\/\/www.teatterilimusiini.fi\/wp-content\/uploads\/2023\/08\/Limpparikuva-768x469.jpg 768w, http:\/\/www.teatterilimusiini.fi\/wp-content\/uploads\/2023\/08\/Limpparikuva.jpg 1080w\" sizes=\"auto, (max-width: 1024px) 100vw, 1024px\" \/><\/figure>\n\n\n\n<figure class=\"wp-block-image size-large\"><img loading=\"lazy\" decoding=\"async\" width=\"1024\" height=\"772\" src=\"http:\/\/www.teatterilimusiini.fi\/wp-content\/uploads\/2023\/08\/limppari-ryhmakuva-whatsApp-ss-1024x772.jpg\" alt=\"\" class=\"wp-image-96\" srcset=\"http:\/\/www.teatterilimusiini.fi\/wp-content\/uploads\/2023\/08\/limppari-ryhmakuva-whatsApp-ss-1024x772.jpg 1024w, http:\/\/www.teatterilimusiini.fi\/wp-content\/uploads\/2023\/08\/limppari-ryhmakuva-whatsApp-ss-300x226.jpg 300w, http:\/\/www.teatterilimusiini.fi\/wp-content\/uploads\/2023\/08\/limppari-ryhmakuva-whatsApp-ss-768x579.jpg 768w, http:\/\/www.teatterilimusiini.fi\/wp-content\/uploads\/2023\/08\/limppari-ryhmakuva-whatsApp-ss.jpg 1080w\" sizes=\"auto, (max-width: 1024px) 100vw, 1024px\" \/><\/figure>\n\n\n\n<figure class=\"wp-block-image size-large\"><img loading=\"lazy\" decoding=\"async\" width=\"1024\" height=\"683\" src=\"http:\/\/www.teatterilimusiini.fi\/wp-content\/uploads\/2023\/12\/Maskeerauskurssin-mainokseen-1024x683.jpg\" alt=\"\" class=\"wp-image-242\" srcset=\"http:\/\/www.teatterilimusiini.fi\/wp-content\/uploads\/2023\/12\/Maskeerauskurssin-mainokseen-1024x683.jpg 1024w, http:\/\/www.teatterilimusiini.fi\/wp-content\/uploads\/2023\/12\/Maskeerauskurssin-mainokseen-300x200.jpg 300w, http:\/\/www.teatterilimusiini.fi\/wp-content\/uploads\/2023\/12\/Maskeerauskurssin-mainokseen-768x512.jpg 768w, http:\/\/www.teatterilimusiini.fi\/wp-content\/uploads\/2023\/12\/Maskeerauskurssin-mainokseen-1536x1025.jpg 1536w, http:\/\/www.teatterilimusiini.fi\/wp-content\/uploads\/2023\/12\/Maskeerauskurssin-mainokseen.jpg 2048w\" sizes=\"auto, (max-width: 1024px) 100vw, 1024px\" \/><\/figure>\n<\/div>\n\n\n\n<div class=\"wp-block-column is-layout-flow wp-block-column-is-layout-flow\">\n<figure class=\"wp-block-image size-large\"><img loading=\"lazy\" decoding=\"async\" width=\"683\" height=\"1024\" src=\"http:\/\/www.teatterilimusiini.fi\/wp-content\/uploads\/2023\/08\/Limppari-kadulla-mainoskuva-683x1024.jpg\" alt=\"\" class=\"wp-image-68\" srcset=\"http:\/\/www.teatterilimusiini.fi\/wp-content\/uploads\/2023\/08\/Limppari-kadulla-mainoskuva-683x1024.jpg 683w, http:\/\/www.teatterilimusiini.fi\/wp-content\/uploads\/2023\/08\/Limppari-kadulla-mainoskuva-200x300.jpg 200w, http:\/\/www.teatterilimusiini.fi\/wp-content\/uploads\/2023\/08\/Limppari-kadulla-mainoskuva-768x1152.jpg 768w, http:\/\/www.teatterilimusiini.fi\/wp-content\/uploads\/2023\/08\/Limppari-kadulla-mainoskuva-1024x1536.jpg 1024w, http:\/\/www.teatterilimusiini.fi\/wp-content\/uploads\/2023\/08\/Limppari-kadulla-mainoskuva-1365x2048.jpg 1365w, http:\/\/www.teatterilimusiini.fi\/wp-content\/uploads\/2023\/08\/Limppari-kadulla-mainoskuva-scaled.jpg 1707w\" sizes=\"auto, (max-width: 683px) 100vw, 683px\" \/><\/figure>\n\n\n\n<figure class=\"wp-block-image size-full\"><img loading=\"lazy\" decoding=\"async\" width=\"621\" height=\"624\" src=\"http:\/\/www.teatterilimusiini.fi\/wp-content\/uploads\/2024\/06\/cropped-logo_pride_limusiini-1.jpg\" alt=\"\" class=\"wp-image-324\" srcset=\"http:\/\/www.teatterilimusiini.fi\/wp-content\/uploads\/2024\/06\/cropped-logo_pride_limusiini-1.jpg 621w, http:\/\/www.teatterilimusiini.fi\/wp-content\/uploads\/2024\/06\/cropped-logo_pride_limusiini-1-300x300.jpg 300w, http:\/\/www.teatterilimusiini.fi\/wp-content\/uploads\/2024\/06\/cropped-logo_pride_limusiini-1-150x150.jpg 150w\" sizes=\"auto, (max-width: 621px) 100vw, 621px\" \/><\/figure>\n<\/div>\n\n\n\n<div class=\"wp-block-column is-layout-flow wp-block-column-is-layout-flow\">\n<figure class=\"wp-block-image size-full\"><img loading=\"lazy\" decoding=\"async\" width=\"820\" height=\"585\" src=\"http:\/\/www.teatterilimusiini.fi\/wp-content\/uploads\/2023\/08\/limppari-kierratyskeskus-ss.png\" alt=\"\" class=\"wp-image-94\" srcset=\"http:\/\/www.teatterilimusiini.fi\/wp-content\/uploads\/2023\/08\/limppari-kierratyskeskus-ss.png 820w, http:\/\/www.teatterilimusiini.fi\/wp-content\/uploads\/2023\/08\/limppari-kierratyskeskus-ss-300x214.png 300w, http:\/\/www.teatterilimusiini.fi\/wp-content\/uploads\/2023\/08\/limppari-kierratyskeskus-ss-768x548.png 768w\" sizes=\"auto, (max-width: 820px) 100vw, 820px\" \/><\/figure>\n\n\n\n<figure class=\"wp-block-image size-large\"><img loading=\"lazy\" decoding=\"async\" width=\"1024\" height=\"764\" src=\"http:\/\/www.teatterilimusiini.fi\/wp-content\/uploads\/2023\/08\/Limppari-tanssi-WhatsApp-ss-1024x764.jpg\" alt=\"\" class=\"wp-image-97\" srcset=\"http:\/\/www.teatterilimusiini.fi\/wp-content\/uploads\/2023\/08\/Limppari-tanssi-WhatsApp-ss-1024x764.jpg 1024w, http:\/\/www.teatterilimusiini.fi\/wp-content\/uploads\/2023\/08\/Limppari-tanssi-WhatsApp-ss-300x224.jpg 300w, http:\/\/www.teatterilimusiini.fi\/wp-content\/uploads\/2023\/08\/Limppari-tanssi-WhatsApp-ss-768x573.jpg 768w, http:\/\/www.teatterilimusiini.fi\/wp-content\/uploads\/2023\/08\/Limppari-tanssi-WhatsApp-ss.jpg 1080w\" sizes=\"auto, (max-width: 1024px) 100vw, 1024px\" \/><\/figure>\n\n\n\n<figure class=\"wp-block-image size-large\"><img decoding=\"async\" src=\"http:\/\/www.teatterilimusiini.fi\/wp-content\/uploads\/2025\/02\/1000007308-e1770749748642-1024x642.jpg\" alt=\"\" class=\"wp-image-407\"\/><\/figure>\n\n\n<\/div>\n<\/div>\n\n\n\n<p><\/p>\n","protected":false},"excerpt":{"rendered":"<p>Teatteri Limusiinin aiempaa ohjelmistoa Kaksi yksin\u00e4isyytt\u00e4 -musikaali esitet\u00e4\u00e4n huhtikuussa 2026! Koko perheen musiikkin\u00e4ytelm\u00e4 Sarvikuono sai ensi-iltansa huhtikuussa 2025 ja toisen esityskauden saman vuoden lokakuussa. Teatteri Limusiinin tiloissa Kivenlahden pienell\u00e4 n\u00e4ytt\u00e4m\u00f6ll\u00e4 lopputulos oli intiimin intensiivinen. Toinen esityskausi pidettiin isommalla n\u00e4ytt\u00e4m\u00f6ll\u00e4 kulttuurikeskus Oranssilla. Monitasoinen esitys rakennettiin ryhm\u00e4l\u00e4ht\u00f6isell\u00e4 devising-tekniikalla, ja se sis\u00e4lt\u00e4\u00e4 muun muassa improvisoituja kohtauksia. Teos muistuttaa [&hellip;]<\/p>\n","protected":false},"author":1,"featured_media":0,"parent":0,"menu_order":0,"comment_status":"closed","ping_status":"closed","template":"","meta":{"footnotes":""},"class_list":["post-66","page","type-page","status-publish","hentry","entry"],"_links":{"self":[{"href":"http:\/\/www.teatterilimusiini.fi\/index.php\/wp-json\/wp\/v2\/pages\/66","targetHints":{"allow":["GET"]}}],"collection":[{"href":"http:\/\/www.teatterilimusiini.fi\/index.php\/wp-json\/wp\/v2\/pages"}],"about":[{"href":"http:\/\/www.teatterilimusiini.fi\/index.php\/wp-json\/wp\/v2\/types\/page"}],"author":[{"embeddable":true,"href":"http:\/\/www.teatterilimusiini.fi\/index.php\/wp-json\/wp\/v2\/users\/1"}],"replies":[{"embeddable":true,"href":"http:\/\/www.teatterilimusiini.fi\/index.php\/wp-json\/wp\/v2\/comments?post=66"}],"version-history":[{"count":42,"href":"http:\/\/www.teatterilimusiini.fi\/index.php\/wp-json\/wp\/v2\/pages\/66\/revisions"}],"predecessor-version":[{"id":625,"href":"http:\/\/www.teatterilimusiini.fi\/index.php\/wp-json\/wp\/v2\/pages\/66\/revisions\/625"}],"wp:attachment":[{"href":"http:\/\/www.teatterilimusiini.fi\/index.php\/wp-json\/wp\/v2\/media?parent=66"}],"curies":[{"name":"wp","href":"https:\/\/api.w.org\/{rel}","templated":true}]}}