{"id":22,"date":"2023-08-15T18:22:35","date_gmt":"2023-08-15T18:22:35","guid":{"rendered":"https:\/\/www.teatterilimusiini.fi\/?page_id=22"},"modified":"2026-02-10T18:43:05","modified_gmt":"2026-02-10T18:43:05","slug":"yhteystiedot","status":"publish","type":"page","link":"http:\/\/www.teatterilimusiini.fi\/index.php\/yhteystiedot\/","title":{"rendered":"Yhteystiedot"},"content":{"rendered":"\n<p><strong><mark style=\"background-color:rgba(0, 0, 0, 0)\" class=\"has-inline-color has-black-color\">Voit ottaa meihin yhteytt\u00e4 miss\u00e4 tahansa asiassa s\u00e4hk\u00f6postitse tai puhelimitse:<\/mark><\/strong><\/p>\n\n\n\n<p>S\u00e4hk\u00f6posti: <a href=\"mailto:hallinto@teatterilimusiini.fi\">hallinto@teatterilimusiini.fi<\/a><\/p>\n\n\n\n<p>Puhelinnumero (Aino Saukkokoski, puheenjohtaja): +358 40 010 8181<\/p>\n\n\n\n<p><\/p>\n\n\n\n<p><strong><mark style=\"background-color:rgba(0, 0, 0, 0)\" class=\"has-inline-color has-black-color\">Ep\u00e4virallisissa asioissa voit l\u00e4hett\u00e4\u00e4 meille viesti\u00e4 my\u00f6s sosiaalisessa mediassa:<\/mark><\/strong><\/p>\n\n\n\n<p>Instagram : <a href=\"https:\/\/www.instagram.com\/teatterilimusiini\/\">@tetterilimusiini<\/a><\/p>\n\n\n\n<p>Facebook : <a href=\"https:\/\/m.facebook.com\/profile.php?id=100082880665370\">Teatteri Limusiini<\/a><\/p>\n\n\n\n<p>Tiktok : <a rel=\"noreferrer noopener\" href=\"https:\/\/www.tiktok.com\/@teatterilimusiini\" target=\"_blank\">teatterilimusiini<\/a><\/p>\n\n\n\n<figure class=\"wp-block-embed is-type-rich is-provider-tiktok wp-block-embed-tiktok\"><div class=\"wp-block-embed__wrapper\">\n<div class=\"oceanwp-oembed-wrap clr\"><blockquote class=\"tiktok-embed\" cite=\"https:\/\/www.tiktok.com\/@teatterilimusiini\" data-unique-id=\"teatterilimusiini\" data-embed-from=\"oembed\" data-embed-type=\"creator\" style=\"max-width:780px; min-width:288px;\"> <section> <a target=\"_blank\" href=\"https:\/\/www.tiktok.com\/@teatterilimusiini?refer=creator_embed\">@teatterilimusiini<\/a> <\/section> <\/blockquote> <script async src=\"https:\/\/www.tiktok.com\/embed.js\"><\/script><\/div>\n<\/div><\/figure>\n","protected":false},"excerpt":{"rendered":"<p>Voit ottaa meihin yhteytt\u00e4 miss\u00e4 tahansa asiassa s\u00e4hk\u00f6postitse tai puhelimitse: S\u00e4hk\u00f6posti: hallinto@teatterilimusiini.fi Puhelinnumero (Aino Saukkokoski, puheenjohtaja): +358 40 010 8181 Ep\u00e4virallisissa asioissa voit l\u00e4hett\u00e4\u00e4 meille viesti\u00e4 my\u00f6s sosiaalisessa mediassa: Instagram : @tetterilimusiini Facebook : Teatteri Limusiini Tiktok : teatterilimusiini<\/p>\n","protected":false},"author":1,"featured_media":0,"parent":0,"menu_order":0,"comment_status":"closed","ping_status":"closed","template":"","meta":{"footnotes":""},"class_list":["post-22","page","type-page","status-publish","hentry","entry"],"_links":{"self":[{"href":"http:\/\/www.teatterilimusiini.fi\/index.php\/wp-json\/wp\/v2\/pages\/22","targetHints":{"allow":["GET"]}}],"collection":[{"href":"http:\/\/www.teatterilimusiini.fi\/index.php\/wp-json\/wp\/v2\/pages"}],"about":[{"href":"http:\/\/www.teatterilimusiini.fi\/index.php\/wp-json\/wp\/v2\/types\/page"}],"author":[{"embeddable":true,"href":"http:\/\/www.teatterilimusiini.fi\/index.php\/wp-json\/wp\/v2\/users\/1"}],"replies":[{"embeddable":true,"href":"http:\/\/www.teatterilimusiini.fi\/index.php\/wp-json\/wp\/v2\/comments?post=22"}],"version-history":[{"count":11,"href":"http:\/\/www.teatterilimusiini.fi\/index.php\/wp-json\/wp\/v2\/pages\/22\/revisions"}],"predecessor-version":[{"id":619,"href":"http:\/\/www.teatterilimusiini.fi\/index.php\/wp-json\/wp\/v2\/pages\/22\/revisions\/619"}],"wp:attachment":[{"href":"http:\/\/www.teatterilimusiini.fi\/index.php\/wp-json\/wp\/v2\/media?parent=22"}],"curies":[{"name":"wp","href":"https:\/\/api.w.org\/{rel}","templated":true}]}}